prime factors of 4670177187?
3, 13, 31, 1621, 2383
List the prime factors of 521109599.
19, 227, 120823
List the prime factors of 1085474435.
5, 1483, 146389
List the prime factors of 52907456.
2, 7, 16871
List the prime factors of 1049718744.
2, 3, 61, 79669
What are the prime factors of 31224612?
2, 3, 113, 23027
What are the prime factors of 60561200?
2, 5, 7, 43, 503
List the prime factors of 556884971.
556884971
What are the prime factors of 226600685?
5, 45320137
What are the prime factors of 11227003?
193, 58171
List the prime factors of 104324710.
2, 5, 7, 1490353
List the prime factors of 1342833797.
19, 70675463
List the prime factors of 3658821920.
2, 5, 13, 1759049
List the prime factors of 61630069.
61, 1010329
List the prime factors of 235377329.
11, 677, 31607
What are the prime factors of 84412329?
3, 47, 598669
What are the prime factors of 159547365?
3, 5, 3545497
List the prime factors of 32526789.
3, 53, 157, 1303
List the prime factors of 55885684.
2, 31, 450691
What are the prime factors of 1708688042?
2, 854344021
What are the prime factors of 107169471?
3, 29, 14159
List the prime factors of 94787251.
13, 7291327
List the prime factors of 158204446.
2, 719, 110017
What are the prime factors of 149857397?
17, 23, 383267
List the prime factors of 318730698.
2, 3, 11, 13, 11257
What are the prime factors of 6776163266?
2, 3388081633
What are the prime factors of 1353572810?
2, 5, 17, 7962193
What are the prime factors of 529347577?
11, 48122507
What are the prime factors of 3134239794?
2, 3, 7, 24874919
What are the prime factors of 191997087?
3, 619, 103391
List the prime factors of 94081677.
3, 811, 38669
What are the prime factors of 33234646?
2, 509, 32647
List the prime factors of 247680186.
2, 3, 13, 103, 30829
List the prime factors of 1126457528.
2, 7, 349, 57637
What are the prime factors of 6938784425?
5, 3449, 80473
List the prime factors of 539670247.
1097, 491951
List the prime factors of 3298745187.
3, 366527243
What are the prime factors of 71186195?
5, 83, 337, 509
What are the prime factors of 76921850?
2, 5, 31, 49627
List the prime factors of 10805695.
5, 311, 6949
List the prime factors of 59423391.
3, 41, 161039
List the prime factors of 8637589.
1289, 6701
What are the prime factors of 87044632?
2, 397, 27407
What are the prime factors of 2760016382?
2, 1380008191
What are the prime factors of 1851832951?
31327, 59113
What are the prime factors of 121145096?
2, 15143137
What are the prime factors of 3962999351?
349, 389, 29191
What are the prime factors of 4104101259?
3, 456011251
What are the prime factors of 3482454259?
3482454259
What are the prime factors of 8095065?
3, 5, 11, 71, 691
List the prime factors of 68610544.
2, 4288159
What are the prime factors of 3246358113?
3, 8689, 41513
What are the prime factors of 435025629?
3, 48336181
List the prime factors of 2906412264.
2, 3, 7, 41, 71, 283
List the prime factors of 5019210181.
59, 727, 117017
What are the prime factors of 116006445?
3, 5, 61, 14087
What are the prime factors of 112906887?
3, 109, 449, 769
What are the prime factors of 6660145?
5, 569, 2341
What are the prime factors of 204417921?
3, 68139307
List the prime factors of 3155622654.
2, 3, 17, 137, 225821
What are the prime factors of 1765802346?
2, 3, 7, 11, 31, 139, 887
What are the prime factors of 246253670?
2, 5, 13, 17, 111427
What are the prime factors of 83533979?
3299, 25321
List the prime factors of 447080504.
2, 13, 109, 39439
List the prime factors of 741537577.
11, 31, 73, 29789
What are the prime factors of 1113153222?
2, 3, 127, 137, 10663
What are the prime factors of 590018939?
31, 59, 322591
List the prime factors of 206595817.
163, 1267459
List the prime factors of 924614.
2, 462307
What are the prime factors of 260581095?
3, 5, 29, 199679
List the prime factors of 228873094.
2, 593, 192979
List the prime factors of 100455702.
2, 3, 223, 75079
List the prime factors of 386467319.
7, 1609, 34313
What are the prime factors of 94648936?
2, 11831117
List the prime factors of 60559178.
2, 53, 349, 1637
List the prime factors of 430475588.
2, 1279, 84143
What are the prime factors of 20931593?
139, 150587
List the prime factors of 141789702.
2, 3, 23631617
List the prime factors of 891692233.
891692233
List the prime factors of 415993664.
2, 37, 175673
What are the prime factors of 1318228670?
2, 5, 11, 23, 521039
What are the prime factors of 116836266?
2, 3, 47, 414313
What are the prime factors of 181863014?
2, 2963, 30689
What are the prime factors of 156849347?
156849347
What are the prime factors of 828534783?
3, 131, 2108231
List the prime factors of 1454401.
13, 17, 6581
What are the prime factors of 17577388?
2, 17, 258491
What are the prime factors of 716866021?
716866021
What are the prime factors of 59873131?
59873131
What are the prime factors of 164956568?
2, 7, 383, 7691
List the prime factors of 8306644.
2, 29, 101, 709
List the prime factors of 109544589.
3, 7, 11, 52691
What are the prime factors of 1848829935?
3, 5, 43, 2866403
List the prime factors of 141071651.
7, 20153093
What are the prime factors of 476657609?
5171, 92179
List the prime factors of 51601951.
907, 56893
What are the prime factors of 2293192155?
3, 5, 2143, 71339
What are the prime factors of 1620620846?
2, 13, 17, 19, 192977
What are the prime factors of 34142849?
13, 1229, 2137
List the prime factors of 176740759.
13, 13595443
What are the prime factors of 123114485?
5, 13, 31, 61099
What are the prime factors of 185744286?
2, 3, 7, 13, 37799
List the prime factors of 469469794.
2, 234734897
What are the prime factors of 2009838083?
11, 182712553
List the prime factors of 490201462.
2, 43, 389, 14653
List the prime factors of 690841509.
3, 29, 7940707
What are the prime factors of 40250191?
37, 1087843
What are the prime factors of 1787884739?
1787884739
What are the prime factors of 2748127262?
2, 23, 59741897
List the prime factors of 136976046.
2, 3, 79, 288979
List the prime factors of 196015572.
2, 3, 109, 16651
What are the prime factors of 22803746?
2, 7, 1628839
List the prime factors of 502494164.
2, 125623541
List the prime factors of 351159490.
2, 5, 11, 937, 3407
What are the prime factors of 382339277?
29, 61, 216133
List the prime factors of 4593624587.
17, 67, 283, 14251
What are the prime factors of 2499064105?
5, 467, 563, 1901
What are the prime factors of 228412509?
3, 13, 19, 308249
What are the prime factors of 513040922?
2, 151, 907, 1873
List the prime factors of 2355671054.
2, 11, 1237, 86561
What are the prime factors of 153926101?
7, 349, 9001
List the prime factors of 636836892.
2, 3, 179, 296479
What are the prime factors of 118866629?
7, 2179, 7793
List the prime factors of 611789468.
2, 152947367
What are the prime factors of 590256612?
2, 3, 11, 496849
What are the prime factors of 4211726565?
3, 5, 379, 740849
What are the prime factors of 3279826556?
2, 819956639
What are the prime factors of 564212559?
3, 188070853
List the prime factors of 198208181.
23, 53, 277, 587
What are the prime factors of 3504706738?
2, 13, 134796413
What are the prime factors of 16907617?
31, 499, 1093
What are the prime factors of 380495083?
19, 1054003
What are the prime factors of 20054900?
2, 5, 17, 47, 251
List the prime factors of 55375754.
2, 7, 37, 106903
What are the prime factors of 168364272?
2, 3, 3507589
List the prime factors of 8137346.
2, 7, 581239
List the prime factors of 154142215.
5, 89, 97, 3571
List the prime factors of 481320730.
2, 5, 11, 19, 41, 137
What are the prime factors of 3036474666?
2, 3, 168693037
List the prime factors of 30856104.
2, 3, 428557
What are the prime factors of 17935149?
3, 827, 7229
List the prime factors of 873014783.
873014783
List the prime factors of 612999190.
2, 5, 1193, 51383
List the prime factors of 2759026468.
2, 11, 223, 281189
List the prime factors of 38735669.
7, 1381, 4007
List the prime factors of 1771341977.
2203, 804059
List the prime factors of 604891568.
2, 37805723
List the prime factors of 808106201.
7, 115443743
What are the prime factors of 4142252?
2, 1035563
What are the prime factors of 4573783890?
2, 3, 5, 13, 83, 3623
What are the prime factors of 128146026?
2, 3, 653, 32707
What are 